 q.
7
Let j = 7 + -5. List the prime factors of (-1)/j + (-35)/(-2).
17
Suppose -i + 0*i + 3 = 0, 50 = 5*p - 5*i. Let y(b) = b - 9. Let v be y(p). Suppose -n + 15 = -2*t, n = -v*t + 3 - 0. What are the prime factors of n?
11
Suppose 3*a = b + 17, -3*b = 7*a - 2*a - 19. Let r(k) = -2*k + 2. What are the prime factors of r(b)?
2, 3
Let o = 92 + -65. Suppose 4*h = -3 + o. What are the prime factors of h?
2, 3
Suppose -56 = -2*x - 0*x. List the prime factors of x.
2, 7
Suppose 3*v = -1 + 4. Let w = v + 2. Suppose w*m - 13 = 2*m. List the prime factors of m.
13
List the prime factors of ((-2 - 2)/4)/((-2)/438).
3, 73
Suppose -4*s + 5*s - 3*o - 7 = 0, 5*o - 25 = -2*s. List the prime factors of s.
2, 5
Suppose 31*u - 26*u - 725 = 0. Suppose -5*r = -2*w + 49, u = 5*w - r - 35. List the prime factors of w.
37
Suppose 4*o - 4 = -16. Let u = 4 + o. Suppose -u - 15 = -4*z. What are the prime factors of z?
2
Let h(k) = 4*k**2 - k - 1. Let i be h(4). Suppose -36 = -5*y + i. Suppose -y = -4*s + 9. What are the prime factors of s?
7
Let d be 8/(-20) + (-38)/5. What are the prime factors of 15*(d/(-3) + -2)?
2, 5
Let u be 1/((-2)/4) - 5. Let b(c) = -c**3 - 6*c**2 + 6*c - 4. Let r be b(u). Suppose r*l - 16 = 17. List the prime factors of l.
11
Suppose -196 = -5*t + 3*n + n, t - 37 = 3*n. Suppose 2*v = 5*s - s + 26, 4*v = -4*s + t. What are the prime factors of v?
11
Let n = -40 + 142. Suppose 0 = -5*u + 2*k + 96, -2*u + n = 3*u - 4*k. What are the prime factors of u?
2, 3
Let n be (-3)/(-12) + 22/8. Let p = n + -2. What are the prime factors of (p + (-15)/6)*-2?
3
Let p be 32/14 - (-4)/(-14). What are the prime factors of 123/9 - p/3?
13
Let j be (-15)/(-6) + 2/4. Suppose -3*l - 5*i = 8 + 12, -j*l = -2*i - 8. Suppose 6 = 2*w + b - 8, l = 3*w + b - 22. What are the prime factors of w?
2
Suppose -3*c - 4*h + 140 = 0, 0 = c - 0*c + 4*h - 60. Suppose 4*b = -0*b + c. What are the prime factors of b?
2, 5
Let b be (-3)/12 - (-26)/8. Let m be 1 - 3*1/b. Suppose -5*l + x + 67 = m, 0 = -l + x + x + 17. List the prime factors of l.
13
Let b(m) = 47*m**3 - 3*m**2 + 2*m. List the prime factors of b(1).
2, 23
What are the prime factors of (-20)/(-70) + 285/7?
41
Let a be (-2)/(-3) - 78/9. Let l(i) = -i**2 - 9*i - 4. List the prime factors of l(a).
2
Let m(h) be the second derivative of -h**5/60 + h**4/24 - h**3/6 - h. Let w(s) be the second derivative of m(s). List the prime factors of w(-3).
7
Suppose -183 = -2*l + 101. What are the prime factors of l?
2, 71
What are the prime factors of (-6)/(-14) + (-2542)/(-14)?
2, 7, 13
Suppose x = 5*x - 84. What are the prime factors of x?
3, 7
Let m = -15 - -26. Let p = -7 + m. List the prime factors of p.
2
Let z = -60 - 2. Let c = -26 - z. List the prime factors of c.
2, 3
Suppose 0*g + 3*v = -2*g + 17, -4*g + 84 = -4*v. Suppose o = -0*o + 3*q + g, -q - 136 = -5*o. What are the prime factors of o?
2, 7
List the prime factors of (-1 + 4/10)/((-2)/10).
3
Let b = 3 - 1. Suppose 20 = -u + b*u + j, -5*u = j - 116. What are the prime factors of u?
2, 3
Let s(r) = -8*r + 2. What are the prime factors of s(-6)?
2, 5
Suppose 12*g = -297 + 2337. List the prime factors of g.
2, 5, 17
Let j = 18 + 53. List the prime factors of j.
71
Suppose 2*z - z - 228 = -2*m, -z + 4*m + 204 = 0. What are the prime factors of z?
2, 5, 11
Suppose 4*c = -4*y + 3*c + 46, 34 = 2*y - 5*c. What are the prime factors of y/(-5)*10/(-4)?
2, 3
List the prime factors of (-3 + 2)*51/(-3).
17
Let m(u) = -2*u. Suppose a + 3*a = 36. Let f be m(a). Let s = f + 27. List the prime factors of s.
3
Let b(x) = -x**3 + 10*x**2 - 8*x - 4. Let a(c) = 3*c**3 - 21*c**2 + 16*c + 9. Let z(r) = -2*a(r) - 5*b(r). What are the prime factors of z(-9)?
11
Let r be 4/6 + (-128)/(-24). Let s(m) = 6*m + 20. List the prime factors of s(r).
2, 7
Let j(s) = -s**2 + 6*s - 6. Let o be j(4). Let w(a) = -2*a + o*a**2 + a + a**3 - a. What are the prime factors of w(-2)?
2
Suppose 119 = -3*u + 4*u - 3*k, -3*k + 247 = 2*u. List the prime factors of u.
2, 61
Let u(x) = x - 1. Let j(n) = -3*n + 4. Let q(p) = -j(p) - 2*u(p). What are the prime factors of q(4)?
2
Let o(i) = i + 73. List the prime factors of o(0).
73
Let q(i) be the second derivative of i**5/20 - i**4/3 + i**3/2 - 2*i. Let d be q(3). Suppose 4*k + d*k - 16 = 0. List the prime factors of k.
2
Let s = 59 + -10. List the prime factors of s.
7
Suppose f - 44 = -21*f. List the prime factors of f.
2
Let s(q) = q + 3. Let r = 3 + -3. Let z be s(r). Suppose 27 - z = 3*t. What are the prime factors of t?
2
Suppose 0 = u + 5 - 182. What are the prime factors of u?
3, 59
Let u(p) = 1 - p - p - 4 + p**3 + 5*p + 3*p**2. Let n be u(-7). List the prime factors of 3/(-4) + n/(-16).
13
Suppose m - 1 = f, -2*m - 8 = 2*m + 2*f. What are the prime factors of (0 - m - 13)*-1?
2, 3
Let b = 243 - 138. List the prime factors of b.
3, 5, 7
Suppose 0*f + f = 5. Let x = f + -1. Suppose -69 = -5*t - 3*c, -x*t - 34 + 104 = -5*c. List the prime factors of t.
3, 5
Let l(f) = -2*f**2 + 3*f - 3*f**3 - 13*f**3 - 1 - 5*f - f**3. What are the prime factors of l(-1)?
2
Suppose 0*q = -3*q + 6. Suppose -r - 2*u = -17, -q*r + 5*u = 3*r - 40. List the prime factors of r.
11
Let n(d) = 4*d**2 - 2*d - 3. List the prime factors of n(3).
3
Suppose 0 = -4*l + 35 + 5. What are the prime factors of l?
2, 5
Let z(t) = -6*t + 12. Let s be z(-6). List the prime factors of 30/8 - (-12)/s.
2
Let n be ((-390)/(-40))/(2/8). Let j = -18 + n. What are the prime factors of j?
3, 7
Let k(n) = 11*n + 15. Let r(d) = 6*d + 5. Let m(v) = -v. Let a(p) = -2*m(p) - r(p). Let o(t) = -17*a(t) - 6*k(t). What are the prime factors of o(5)?
5
Let l = 21 - -23. What are the prime factors of l?
2, 11
Let q(r) = 15*r**2 + 19*r + 7. Let x(n) = 4*n**2 + 5*n + 2. Let d(u) = 6*q(u) - 22*x(u). What are the prime factors of d(-4)?
2, 7
Suppose 0 = -0*k + 8*k - 544. List the prime factors of k.
2, 17
Let j(s) = -5*s - 8. Let u(f) = -f - 3. Let o be u(3). Let q be j(o). Suppose -3*a + 6 = -a, 2*v - q = -2*a. What are the prime factors of v?
2
Let d(x) = x**2 + 2*x + 1. Let i be d(-1). Suppose i*u + 21 = 3*u. What are the prime factors of u?
7
List the prime factors of (2/3)/(9/1161).
2, 43
Let l = 851 + -508. What are the prime factors of l?
7
Let y(j) = -14*j - 1. Let i be y(-3). Suppose -2*v - 3*b - 122 = -4*v, -3*b = 5*v - 305. Let a = v - i. List the prime factors of a.
2, 5
Let a(y) = y + 3. Let w be a(-9). Let x be 324/(-3)*3/w. Suppose -f = -4*f + x. List the prime factors of f.
2, 3
Let p = -12 - -8. What are the prime factors of p/(-6) + (-471)/(-9)?
53
Let n(p) = 25*p - 1. List the prime factors of n(1).
2, 3
Suppose -12 = -l + 20. What are the prime factors of l?
2
Let a = 7 + -2. Let p = a - 2. Suppose c + p*c = 40. List the prime factors of c.
2, 5
Let p(k) be the first derivative of k**6/360 - k**5/30 + k**4/6 + 2*k**3/3 - 2. Let t(y) be the third derivative of p(y). What are the prime factors of t(4)?
2
Let a(p) = 4*p**2 + 2*p + 1. What are the prime factors of a(-3)?
31
Suppose 0 = h - 4. Let c be ((-7)/(-2))/(2/h). Let s = c + -5. List the prime factors of s.
2
Suppose 2*b + 82 = -2*g, -5*b - 15 = 2*g + 58. Let f = -20 - g. What are the prime factors of f?
2, 3
Suppose 0 = -8*k + 3*k. Let o = -16 - -32. Suppose 3*w - 3*n - 30 = k, 3*w + w - o = -2*n. What are the prime factors of w?
2, 3
Let z be ((-4)/(-6))/(2/3). Suppose 7 + z = 4*d. What are the prime factors of d?
2
Let r(m) = 4*m + 2. List the prime factors of r(11).
2, 23
Let z(n) = -n**3 + 4*n**2 + 4*n. Let r be z(5). Let l be ((-54)/15)/((3/(-5))/3). Let k = l + r. What are the prime factors of k?
13
Let g = 1 - 1. Suppose g = -5*x + 27 + 18. List the prime factors of x.
3
Suppose 3*p - p + 12 = 0. Let a(x) = -8*x - 18. What are the prime factors of a(p)?
2, 3, 5
Let z be (-1)/((-1)/2) - 2. Suppose 4*f = -3*x + 36, f + z*x + 5*x = -8. List the prime factors of (2/4)/(1/f).
2, 3
Let a(h) = h**3 + h**2 - h - 4. Let k be a(0). Let y be k/(-8) - 6/(-4). Let s = y + 1. List the prime factors of s.
3
Let y(v) = 12*v - 10. Let o be y(4). Suppose g - 2*f - o = -4*f, 0 = -4*f + 16. List the prime factors of g.
2, 3, 5
Let j = -1 + 4. Suppose p = -t + 5, j*p + t - 7 = 16. What are the prime factors of p?
3
Suppose 5*v = 2*t + 3*t + 65, 5*t - 70 = -4*v.